0*t**2 + 2*t. What is the remainder when 50 is divided by r(4)?
11
Suppose 147 = 3*y + 9. Calculate the remainder when y is divided by (-1)/(-1 + 15/16).
14
Let d = 49 - -9. Calculate the remainder when d is divided by 15.
13
Suppose a - 2 + 4 = -2*m, 3*m - 11 = -5*a. Let z = m + 8. Suppose 4*x - 5 = -3*r, 15 = -17*r + 18*r - 2*x. What is the remainder when r is divided by z?
2
Let o(q) = q**3 + 3*q**2 - 2*q - 2. Let u(n) = n - 10. Let k be u(7). What is the remainder when 5 is divided by o(k)?
1
What is the remainder when 50 is divided by (39/(-6))/(1/(-4))?
24
Suppose 5*v - 13 = 42. Suppose -x + 4*j - 3 = -16, 0 = -x + 2*j + v. Suppose -2*z + 11 = -s, 0*s - x = 2*z + 3*s. What is the remainder when 6 is divided by z?
0
Suppose 23 = 2*d - 1. What is the remainder when 23 is divided by d?
11
Let l be ((-4)/(-6))/((-16)/(-24)). Suppose -l = v - 3. What is the remainder when 17 is divided by 1 - -8 - 6/v?
5
Suppose 0 = -0*l + 3*l - 3. Suppose 0 = k - 2 - 1. Let x = k - l. What is the remainder when 3 is divided by x?
1
Suppose -2*k + 57 = k. Suppose 5*b + 4*i - 30 = 0, -5*i + 31 = -3*b + 12. Calculate the remainder when k is divided by -33*(b/(-6) + 0).
8
Suppose -k + 45 = 2*s, 0 = 5*s - k - 86 - 30. What is the remainder when s is divided by 13?
10
Let y = -23 - -74. Suppose y = 2*w + w. What is the remainder when w is divided by 10?
7
Let l be (4 + -2 - 0) + -2. Suppose l = w - 0*w. Suppose w = -b - 2 + 5. Calculate the remainder when 7 is divided by b.
1
Let n = -4 + -8. Let b = n + 8. Let i = b - -14. Calculate the remainder when 18 is divided by i.
8
Let k = -4 - -6. Suppose -3 - 2 = -q, 7 = 2*y - q. What is the remainder when y is divided by k?
0
Suppose 3*a + 66 = 126. Calculate the remainder when 59 is divided by a.
19
Let x be 5 + -2 - (5 + -4). Suppose x*i - 3*i - 19 = -3*b, 4*b - 52 = -4*i. Calculate the remainder when 31 is divided by b.
7
Suppose 0 = 3*p - 3*k - 9, 0*p = -p + 2*k - 1. What is the remainder when 19 is divided by p?
5
Let f(p) = p + 4. Let b(m) = -m**3 - 4*m**2. Let y be b(-3). Let a = y + 7. What is the remainder when f(a) is divided by 1?
0
Let r = 1 + 7. What is the remainder when 31 is divided by r?
7
Suppose 72 = z + z. Suppose 52 = -0*s + 4*s. What is the remainder when z is divided by s?
10
Suppose -5*r + 2*s = -235, -2*r + 172 = r + 5*s. Let x = 2 + 1. Suppose -33 = -x*z + 18. What is the remainder when r is divided by z?
15
Let b(i) = -13*i + 20. Suppose 0 = -2*t - 15 + 37. Calculate the remainder when b(0) is divided by t.
9
Suppose 0*b + 4*b = 5*c + 15, 3*c - 3 = 0. Suppose -b*l - 1 + 26 = 0. Let m(f) = f**3 + 6*f**2 + 4*f - 3. Calculate the remainder when m(-4) is divided by l.
3
Suppose 3*v + 29 = q, -5*v = 3*q + 30 - 117. Let a(w) = 3*w**2 + 3*w - 3. Let x be a(2). Suppose -45 + x = -2*s. What is the remainder when q is divided by s?
14
Suppose 2*g - 46 = -2*w, g + w - 95 = -3*g. Suppose -128 = 8*f + 16. Let c = f - -64. What is the remainder when c is divided by g?
22
Let u(g) = -3*g - 2. Calculate the remainder when 65 is divided by u(-8).
21
What is the remainder when 54 is divided by (-12)/3 + 23/(-3)*-3?
16
Calculate the remainder when 89 is divided by 1/((6/69)/2).
20
Suppose 2*q + 5*o + 5 = -5, -4 = 3*q + 2*o. Suppose -5*z - 2*a - 74 = q, -5*z + 3*a + 2*a = 60. Let x = 9 - z. What is the remainder when x is divided by 8?
7
Suppose 0 = -2*h + 28 + 42. Calculate the remainder when h is divided by 12.
11
Calculate the remainder when 7 is divided by 2 + (-9)/(0 + -3).
2
Suppose 2*y - y - 101 = 0. Let f = 41 + -15. Calculate the remainder when y is divided by f.
23
Suppose 3*i - 2*i = -2, -3*b + 50 = -4*i. What is the remainder when b is divided by 3?
2
What is the remainder when (-159)/(-3) - 1*-3 is divided by 19?
18
Let o = 40 - 24. Suppose -5*r = -15*r + 290. Calculate the remainder when r is divided by o.
13
Suppose 0 = 34*p - 28*p - 108. Let t = 60 - 27. Calculate the remainder when t is divided by p.
15
Let j = -43 - -75. Suppose a - 5*y = 8 + 5, -3*a + 52 = -2*y. Calculate the remainder when j is divided by a.
14
Let c(v) = 0 - 1 + 2*v**3 - 1 - 2*v - 3*v**3 - v**2. What is the remainder when c(-2) is divided by 4?
2
Let w(f) = f**3 + 7*f - 9*f**2 + 0 + 5*f - 1 - 6. What is the remainder when 73 is divided by w(8)?
23
Suppose -2*b + 3*z = -0*b - 123, -4*b - 5*z + 213 = 0. Calculate the remainder when b is divided by 12.
9
What is the remainder when 87 is divided by 18/42 - (-204)/14?
12
Let r(m) = 3*m**2 - 14*m - 21. What is the remainder when r(12) is divided by 41?
38
Let j be 1 + -2 + (-12)/(-3). Suppose -48 = -0*v - j*v. What is the remainder when 31 is divided by v?
15
Let q(f) = 7*f**2 - 5*f + 5. Calculate the remainder when 43 is divided by q(2).
20
Calculate the remainder when (4 - 0) + (0 - -49) is divided by 14.
11
Let u = 43 + -27. Calculate the remainder when 63 is divided by u.
15
Let x = -8 + 10. Suppose 2*o - 1 + 3 = -3*z, 2*z - 12 = 2*o. Suppose -z*f + 4 = x*v, -4*v - 4*f + 2*f + 6 = 0. Calculate the remainder when 1 is divided by v.
0
Suppose f + 5*m = -2, 2*m = 4*f + f - 98. Suppose -2*l + f = -l. What is the remainder when (-107)/(-3) - 4/6 is divided by l?
17
Suppose 44 = z - 4*u - 0*u, 0 = 3*u + 15. Suppose -20 = -2*k + 2*p, 2*k - z = -p - 4. Calculate the remainder when 37 is divided by k.
7
Let x = 17 - 5. Calculate the remainder when 46 is divided by x.
10
Let a = 14 + -7. What is the remainder when 12 is divided by a?
5
Let f = 36 + -25. Let k(y) = y**3 + 8*y**2 + 10*y + 9. What is the remainder when k(-6) is divided by f?
10
Let g = 17 + -3. What is the remainder when 53 is divided by g?
11
Suppose -4*d = 5*o - 23, 4*o = d + 9 + 1. Suppose 0*w = 2*w - 4. What is the remainder when d is divided by w?
0
Let l(z) = z**2 + z - 2. Let v be l(0). What is the remainder when 0 - (v - 1 - 0) is divided by (-2)/5 - 12/(-5)?
1
Suppose -2*q + 2 + 6 = 0. Suppose -q*j - 5*k = -153, 0 = -3*k + 8 + 7. Calculate the remainder when j is divided by 11.
10
Let x = 15 + -12. What is the remainder when 8 is divided by x?
2
Let l(d) = 3*d**2 - d. Let g be l(2). Let n = -7 + g. Let a(x) = -x**3 + 3*x**2 + 2*x + 1. Calculate the remainder when 20 is divided by a(n).
6
Suppose 6*v = 7*v - 39. Calculate the remainder when v is divided by 11.
6
Suppose 0 = 2*w + 1 - 7, -d + 22 = w. Calculate the remainder when 55 is divided by d.
17
What is the remainder when 178 is divided by (-9)/2*(-180)/27?
28
Suppose 0 = l + k - 12, -k = -2*k. Suppose 0 = b - 36 + l. What is the remainder when 46 is divided by b?
22
Suppose 21 = 3*v - 9. Calculate the remainder when 28 is divided by v.
8
Suppose -3*q + 1 = -11. Let m(s) = s**3 - 3*s**2 - 4*s + 4. Suppose -61 = -5*h - 11. What is the remainder when h is divided by m(q)?
2
Suppose -13*u + 11*u + 50 = 0. What is the remainder when 97 is divided by u?
22
Let h = 14 + -12. Suppose -h*y + y = -22. What is the remainder when 43 - ((-2)/(-1) - 1) is divided by y?
20
Suppose 6 = 2*r - 4. Suppose 0*m - 35 = -r*m. Calculate the remainder when 25 is divided by m.
4
Let u = -65 + 99. Suppose 0 = -f + 13 + 5. Calculate the remainder when u is divided by f.
16
Suppose h + 4*l + 24 = -h, 4*h - l + 39 = 0. Calculate the remainder when 156/10 + (-4)/h is divided by ((-48)/20)/(4/(-10)).
4
Let v = 68 + -54. What is the remainder when 39 is divided by v?
11
Let u(q) = -q**3 - 6*q**2 + q - 3. Let p be u(-6). Let c = p + 10. Calculate the remainder when c is divided by 1.
0
Suppose 2 = y, -19 = -5*i + 2*y + y. Suppose -4*u = i*w - 2, -3*w + u + 2*u - 15 = 0. What is the remainder when 9 is divided by 2 - (w + (-2)/2)?
4
Let a(d) = 2*d + 9. Calculate the remainder when 2 is divided by a(-4).
0
Suppose p = -6*p + 42. Calculate the remainder when 20 is divided by p.
2
Let n(c) = -c + 24. Let t be n(0). Suppose -2*b + 2*y + 6 = -6, 2*y + 42 = 5*b. Let h = t - b. Calculate the remainder when 26 is divided by h.
12
Let n = -40 + 51. Calculate the remainder when 63 is divided by n.
8
Suppose -2*q - 4*n + 85 = q, -2*q + 45 = 5*n. Suppose 3*j - 14 = -4*d, -5*j = 5*d - 10*d + q. What is the remainder when d is divided by 3?
2
Suppose 18 = 6*a - 4*a. What is the remainder when a is divided by 3?
0
Let o(h) = 2 + 0 + 1 - 5*h**2 - h + 6*h**2. Let a be (-3)/(-3)*-3 - -3. Calculate the rema